d y?
5
Let h = 0 - 2. Let u be ((-10)/6)/(h/30). Suppose 3 - u = -z. Calculate the highest common divisor of 198 and z.
22
Let p = 13 - 10. Suppose 2*t - 3*s + 6 = 0, t + p*s = s + 4. Let u be (-10)/15*(-147 - t). Calculate the greatest common divisor of u and 14.
14
Let i = -124 - -229. Suppose 3*t - 2*m - 310 = 0, -t + 3*m = 2*m - i. Calculate the greatest common factor of t and 40.
20
Let t(n) = 2*n**2 - 7*n + 3. Let x be t(5). Let m be 0*(1 + (-4)/8). Suppose -s + 2 = -m. What is the greatest common factor of x and s?
2
Suppose 4400 = 45*b - 5*b. What is the highest common factor of b and 66?
22
Suppose 3*k + 4*q - 56 = 0, 4*k = 3*k + 2*q + 2. Let z(i) = 4*i - 5. Let a be z(2). Let t be (-23 - 1)*a/(-4). What is the greatest common factor of k and t?
6
Let p(g) = -120*g - 591. Let s be p(-5). Calculate the highest common factor of s and 9.
9
Let i(v) = 42*v + 220. Let y be i(-5). Calculate the greatest common factor of 530 and y.
10
Let f be (2 + (26/(-8) - -2))*12. What is the greatest common factor of f and 63?
9
Let x = 194 + -173. What is the greatest common factor of x and 105?
21
Suppose -906 + 1446 = 4*k. What is the highest common factor of k and 225?
45
Let f(o) = -o. Let j(x) = -3*x - 22. Let i(n) = 2*f(n) - j(n). Let a be i(-6). What is the greatest common factor of a and 128?
16
Suppose 5*v - 8*g + 13*g - 310 = 0, -82 = -v + 4*g. Calculate the greatest common factor of v and 374.
22
Suppose 0 = -9*j + 11*j - 8. Let v be 3 - 3 - (-2)/1. Suppose b + j*b - z - 77 = 0, -v*z = 4. Calculate the greatest common divisor of 10 and b.
5
Let y be (-3)/9*(-19 - -1). Suppose 0 = 4*b + 12 - 4. Let q be (7/b)/(y/(-276)). What is the greatest common factor of q and 23?
23
Let u = -12 - -10. Let o be 0 - u*2*2. Let j be (4/o)/((-2)/(-180)). What is the highest common divisor of 18 and j?
9
Suppose 1849*s - 480 = 1843*s. Calculate the highest common factor of s and 464.
16
Let x(u) = u + 16. Let f be x(-13). Suppose 5*c + r = -148 + 786, f*r + 646 = 5*c. Calculate the highest common divisor of c and 16.
16
Let y be (-2)/7 - 44/(-7). Calculate the highest common divisor of y and 78.
6
Let p = 652 + -612. Calculate the greatest common divisor of 15 and p.
5
Let d(c) = -c**3 - 5*c**2 - 7*c - 4. Let m be d(-4). Suppose -f = 6*f - 4*f. Let v be f/(-3) + -2 + 57 + 1. Calculate the greatest common divisor of m and v.
8
Suppose -2*o = 4*h - 72, -h + 0*o + 21 = -o. Suppose 20*n - 266 = 6*n. What is the greatest common divisor of n and h?
19
Suppose -64 - 416 = -16*y. What is the highest common factor of 150 and y?
30
Suppose y - 1 = 26. Suppose 6*t - 42 - 12 = 0. What is the highest common divisor of y and t?
9
Suppose -5*p + 158 = 4*f, f - 46 = 2*p - 0*p. Calculate the highest common divisor of f and 189.
21
Let f = -587 - -589. Calculate the highest common factor of f and 18.
2
Suppose 0 = 4*j, c - 8*j - 144 = -3*j. Suppose -152 - c = -2*g. What is the greatest common factor of 37 and g?
37
Let k = -19 + 29. Let y = k - -16. Calculate the highest common factor of y and 13.
13
Suppose 5*s + 0 = 5. Suppose -2*d + d + s = 0. Calculate the highest common factor of 5 and d.
1
Let z = 3520 - 3388. Let r = 22 - 5. Suppose m - r + 5 = 0. Calculate the highest common divisor of z and m.
12
Let h be -1*3/(3/(-68)). Let r(v) = 32*v + 1. Let n be r(2). Suppose -3*b + 6*b + n = 4*d, 73 = 4*d + 5*b. What is the greatest common divisor of h and d?
17
Let m be (20 + 3)/(0 - -1). Suppose 0 = -9*g + 7*g + 46. What is the greatest common factor of m and g?
23
Suppose 5*r + 3*u = 10*r - 29, 0 = -r - 2*u + 11. Suppose r + 3 = m. What is the greatest common factor of 50 and m?
10
Let h be 4/((-16)/20) - (1 + -1238). What is the highest common divisor of 14 and h?
14
Let f(z) = z**3 - 8*z**2 + z + 1. Let g be f(8). Let r(d) = -d**2 + 18*d - 14. Let s be r(17). What is the highest common factor of g and s?
3
Suppose 5*o - 534 = 316. Let k(v) = -6*v - 8. Let g be k(-14). Suppose 4*m - g = 4*y, m + 4*y - 6 = 3. What is the highest common divisor of m and o?
17
Suppose -9 = -3*f + 8*f + 3*h, -f + 15 = -5*h. Suppose -4*w = c - 20, 5*c + 0*w + 5*w - 70 = f. Calculate the highest common divisor of 30 and c.
6
Let y = 210 - 190. What is the greatest common factor of y and 60?
20
Let m = -30 + 51. Suppose 0 = 4*y + 16, -4*y + m - 97 = -5*x. Let q = 10 + 8. Calculate the highest common divisor of x and q.
6
Let t(b) = -b**3 - 5*b**2 + 4*b - 6. Let j be t(-6). Suppose -602 = -89*o + 288. What is the highest common divisor of o and j?
2
Let l be (2/4)/((-3)/366). Let w = 82 + l. Calculate the greatest common factor of 231 and w.
21
Let u = 196 + -96. What is the greatest common factor of 40 and u?
20
Suppose 62 = -q + 11. Let u = -47 - q. What is the highest common divisor of u and 4?
4
Let w = 83 + -32. Let r(m) = -m**3 + 5*m**2 - 2*m - 7. Let v be r(3). Suppose 3*d + 6*i = i + 36, d + v*i - 2 = 0. What is the highest common factor of d and w?
17
Let f be 2 - (-5)/(25/35). Let a(y) = -y**3 + 11*y**2 - 7*y - 1. Let k be a(f). What is the highest common factor of k and 245?
49
Suppose 0 = -0*p - 5*p + 260. Suppose -d + p = 3*d + 4*f, 61 = 2*d - 5*f. Calculate the highest common factor of d and 45.
9
Suppose f + 45 = 2*d, 5*d + f - 89 = 27. Calculate the greatest common factor of d and 46.
23
Let h = 16 - -2. Let f = -36 - -108. Let o be ((-4)/8)/((-3)/f). Calculate the greatest common factor of o and h.
6
Let g be 57 + -6 + 7 - (3 - -4). Let s be 0 - (5 - 2)*-17. Calculate the highest common divisor of g and s.
51
Suppose 0 = 12*x + 13*x - 1375. What is the highest common divisor of 15 and x?
5
Suppose -433*c + 425*c = -320. Let m be (99 - -1)/(2/2). Calculate the highest common factor of m and c.
20
Suppose 57 = 4*k + 21. Calculate the greatest common factor of k and 99.
9
Let q(c) = c**3 + 22*c**2 - 77*c + 4. Let h be q(-25). What is the highest common factor of h and 6?
6
Let h be (-19)/114 + (-181)/(-6). Let q = 77 + -72. What is the highest common divisor of q and h?
5
Let p(k) = -2*k + 8*k**2 - 7*k**2 - 10 + 7*k - 8. Let m be p(-8). What is the highest common divisor of 15 and m?
3
Let r = -938 - -940. What is the greatest common divisor of r and 36?
2
Let p be 5 - -2 - (-1)/(-1). Calculate the highest common divisor of p and 42.
6
Suppose 2950 = 26*p - 872. Calculate the highest common divisor of p and 343.
49
Let x = 8 - 3. Let h(z) = z**2 - 29*z + 21. Let v be h(30). Suppose 7 + 17 = 2*u - 2*c, -v = -x*u - 4*c. Calculate the highest common divisor of 44 and u.
11
Let t = 19 - 5. Suppose 26*r - 3360 = 23*r. Suppose 0*s = 10*s - r. Calculate the greatest common factor of t and s.
14
Suppose 7323 + 21289 = 23*p. What is the greatest common factor of 4 and p?
4
Let r = 228 - 137. Let x = -504 - -517. What is the highest common divisor of r and x?
13
Let a(i) = -i**3 - 7*i**2 - 6*i + 1. Let h be a(-6). Let w(j) = 10*j. Let x be w(1). Let g = -6 + x. What is the highest common divisor of g and h?
1
Let k be ((-491)/4)/(-1) - 25/(-100). Calculate the highest common factor of k and 82.
41
Let j(c) = c**3 + 6*c**2 - 8*c + 3. Let z be j(-7). Suppose 0 = 3*f - z - 212. Suppose -7*q + f = -122. What is the greatest common divisor of q and 7?
7
Suppose -6*j = -j. Suppose -8*x - 32 + 152 = j. What is the highest common factor of 60 and x?
15
Suppose -5*j + 7*j = 2*t - 170, -2 = 2*j. What is the greatest common factor of 1134 and t?
42
Let p be ((-54)/(-4))/(129/1720). Suppose 4*u = 9 + 63. Calculate the greatest common divisor of p and u.
18
Let o(s) = -6*s**3. Let q be o(-2). Let n be ((-2)/((-24)/6))/((-2)/(-48)). What is the greatest common factor of n and q?
12
Suppose 23*r = -8*r + 4774. What is the highest common factor of r and 56?
14
Let v = 38 + -63. Let u = -17 - v. Calculate the highest common divisor of u and 2.
2
Suppose -12*p + 836 = 7*p. Calculate the greatest common factor of p and 572.
44
Suppose -5*c + 9 = -l, -4*l + 8*c + 44 = 4*c. Suppose -2*d + 26 = -16. Let z = -5 + d. Calculate the highest common divisor of z and l.
16
Suppose 252 = -0*z + 2*z. Let y be -6*(-1)/(2 - 2/(-6) - 2). Calculate the highest common factor of z and y.
18
Let f(h) = h**2 - 30*h - 55. Let m be f(32). Suppose v - 17 - 19 = 0. Calculate the highest common factor of v and m.
9
Suppose 3 = -5*w +